e value of -7 - ((-1 + 3 - 1 - 70) + (966 - 957))?
53
30 - 0 - (392 + -384)
22
Evaluate (-37 - -4) + -103 + 109 + -10.
-37
What is 6 + (-5 - (10 + -20) - (33 + -2 + 7))?
-27
(-6 + -4 - -13 - 4) + (34 - (27 - 17))
23
What is -23 - 0 - (581 - 603) - (9 + -40)?
30
30 + -38 + -14 + 23
1
What is -1 + (3 - (19 - 10)) + 9 + 0 - 7?
-5
What is -3 - (-6 - (-42 + 28))?
-11
Calculate -29 + 60 - 95 - -101.
37
What is the value of 2 + 8 + -1 + (32249 - 32274)?
-16
What is the value of -3 + 13 + -4 + (23 - -6) + -55?
-20
What is (48 - (47 + 15 + -37)) + -16 + -2 + 13?
18
What is the value of -5 + (46 - -10) + -10?
41
Evaluate (10 - 0) + (-3 - -48) + 62 + -76 + 7.
48
-9 - (0 + -6 + -19) - -9 - 3
22
-4 + -4 - (-8 - (-53 - -33))
-20
-46 + (-1 - -78) + -34 - (-19 + -2)
18
Calculate (-17 - (27 - 14 - (1 - -11))) + 9.
-9
Evaluate (58 - 26) + -3 - 81.
-52
Evaluate (2 - 3) + (31 - 87 - -27).
-30
28 + -11 + (15 - 24 - 10)
-2
What is the value of -68 + (-12 - -74) + (-2 - (0 - -32))?
-40
What is the value of (-4 - 166) + (-1273 - -1370)?
-73
What is -35 - (3 + -11 + 24 + (30 - 39))?
-42
Evaluate 85 + 3 - (376 - 249).
-39
What is -2 - (13 + ((-15 - -12) + 2 - 13 - 44))?
43
What is (101 - 81) + (-28 - 0) + 29?
21
What is 72 + -77 + 33 + -27 + 34?
35
Calculate (9 - (-83 - -135)) + (0 - 35).
-78
Evaluate 33 - (-71 - (53 - 102)).
55
Evaluate 91 + 1 - (3861 + -3766).
-3
Calculate -62 - (2 - -20 - (-8 + 26)).
-66
What is the value of 1 + -11 - ((6 - 21) + -153 + 122)?
36
What is 34 + -100 + 105 + (2 - 8) - -8?
41
Evaluate 94 - (37 - (93 + -62)).
88
What is (18 - 17) + 3 + 5 - (-169 - -119)?
59
Evaluate -97 + 25 - (-2 - 33).
-37
What is the value of 20 + 1 + (16 - -21) + 24 + -45?
37
Evaluate (524 - 523) + (7 - (-2 - -4)) + -4.
2
-5 + (-50 - 0) - (-55 + 44)
-44
Calculate (-11 - 3) + -689 + 707.
4
What is the value of (-57 - (-89 - -6)) + -16?
10
21 - (-15 + (-4 - ((-191 - -7) + 16)))
-128
(1 + -17 - -1) + -4 + (133 - 124) + -5
-15
What is (48 - 45) + 4 + -2 - (0 - (1 - -52))?
58
Calculate (1 + (-5 - -1) - -3) + -9 + 1 + 71.
63
What is -127 + 245 + (53 - 58)?
113
Evaluate 16 - (38 - (15 + -9 + -21)).
-37
What is the value of -14 - (-39 - -38) - (-1 + -2 - -5)?
-15
Evaluate 6 + (-38 + 15 - -5) + 75 + 5 + -7.
61
What is (-1 - 0 - (5 - 64)) + (26 - 24)?
60
What is the value of (-3 - 0) + 1372 + -1331?
38
(-7 - (-15 + 6 + 4)) + (21 - 0)
19
What is the value of 82 + -3 - (-10 + (9 - 2) + (-69 - -66))?
85
Calculate 39 - ((99 - 53) + 10).
-17
15 + (-20 - -41) + -4 + 2
34
What is (35 - 14) + 0 - (-39 - 1)?
61
What is -6 + (-5 - -12) - ((57 - -7) + 0)?
-63
What is 4622 - 4626 - (-1 - 45)?
42
Calculate 4 + -6 - (-10 + (-3 - -7)).
4
What is the value of -34 + (26 + -14 + -15 + (9 - 2) - -2)?
-28
What is -69 + 7 + (51 - 48)?
-59
(29 + -14 - -4) + -46
-27
What is -5 + (19 + -38 - (-9 + -61) - (-11 - -2))?
55
What is 32 + -4 + (2 - (10 - -4))?
16
What is (23 - 4) + (1 - 18) - (5 + (-2 - -2))?
-3
Evaluate (31 - 15) + -59 + (-83 - -64).
-62
23 - (-19 - -22 - 1) - -11
32
What is 18 + (30 - 53 - -18) + (2 - 5)?
10
117 - (-95 + 195) - (1 - (6 + 2))
24
-5 + 18 + (-25 - -28) + 2
18
What is 0 + (-5 - 0) + -1 - (9982 + -10056)?
68
What is (765 - 759) + (11 - 11 - (-2 - 52))?
60
What is (358 - 104) + -46 - 117?
91
What is the value of (9 - 76) + 72 + (4 + -6 + -1 - 18)?
-16
What is 0 + (2 - 0) - (-87 - -68)?
21
What is the value of (-1 - (-87 + 0)) + (165 - (-82 + 232))?
101
Evaluate 35 - (-48 + 75 - 28).
36
Evaluate -14 + (19 + -11 - 94) + -2 + 18.
-84
What is the value of -8 + 100 + -193 + 82 + (-1 - (0 - -1))?
-21
What is -77 - (6 + -51) - (12 + -3 - 2)?
-39
Evaluate (0 - -30) + 335 + -334.
31
Evaluate -2 - -3 - 2 - -9 - (517 - 499).
-10
Evaluate -110 + 62 + 1 + -1 - (12 + (-2 - -3)).
-61
What is -102 - (67 - (-29 - -49) - 80)?
-69
What is (-2 + 11 - 8) + (1 + -3 - (-87 - 8))?
94
What is 17 + 1 + 4 - (-619 + 629)?
12
-32 - 1 - (-9 - (-13 - (15 + 3 + -16)))
-39
6 - (-7 - -19 - -9 - 29)
14
Evaluate (290 - 305) + -2 + 7 + (-3 + 1 - 19).
-31
Evaluate 8 + (-2 - (3 + -5)) - (116 + 1 + -75).
-34
Calculate 81 + 6 + 4 - ((-5 - -16) + 8 - 9).
81
Calculate (0 - -24) + 145 + -124 + -53.
-8
What is 112 + -147 - (-3 + 4 + -7)?
-29
What is the value of (2 - 78) + (78 - (19 + 44))?
-61
Evaluate -7 - 0 - (8 + 0 - (49 + -95 + 26)).
-35
9 + 3 + -5 + (-1253 - -1247) + 35
36
Calculate -30 - (-26 - -14 - (2 - 74)).
-90
Calculate 0 + -49 + -714 + 717.
-46
Evaluate 5 + 12 + -19 + -6 + 1 + 6 + -17.
-18
What is 0 + 0 - (-110 + 131) - -56?
35
What is the value of (19 - (-116 + (8 - -8)) - 12) + -17?
90
What is the value of (26 - -2) + 0 + -58 + 52 + (-7 - -2)?
17
Calculate (8 - (17 - 113)) + -24 + -6.
74
What is (-88 - 2) + 6 + 38 + (65 - 127)?
-108
Calculate (-4 - (7 - 7)) + (-9 - -10 - 37).
-40
Evaluate -33 + 7 - (-70 + 5) - (-4 - (-1 + -1)).
41
15 + (-8 - (-14 + 67))
-46
Evaluate -6 - (-205 - (-295 - -139)).
43
Evaluate (-37 - -73) + 97 + -76.
57
What is 1 + 52 + 0 + -88?
-35
What is 70 + (-167 - -61) + 72?
36
Calculate (106 - 111 - (0 + 0)) + -1 + 1.
-5
What is the value of 49 - (-16 + 67) - 27?
-29
Calculate 2 - (-7 - (31 - (15 + -5))).
30
Calculate ((-4 - -8) + -2 - 10) + -1009 + 1048.
31
Evaluate -15 + 16 - -6 - ((-18 - -22) + (-8 - 1)).
12
What is the value of 4 + (19 - (-12 - (16 - (46 - 7))))?
12
Calculate (1 - -8) + (-34 + 19 - (14 - 14)) + -6.
-12
50 - (92 - (-49 + 90))
-1
What is the value of (-88 + 75 - 62) + 121?
46
What is the value of 2 - (-7 + (-19 - -16 - 3)) - -5?
20
18 - (9 + -21 - -3) - -15
42
(-162 - -148) + (39 - ((-6 - -6) + 8 + 0))
17
What is the value of 80 + (1 - (32 + -14)) + 4 + -1 + 3?
69
(42 - (-17 + -45)) + -51
53
-163 - -121 - (23 + -15)
-50
What is the value of 7 - (116 - (7 - ((23 - 10) + -14) - -5))?
-96
-40 - (-13 + (19 - 10 - 3))
-33
What is (1 - -11) + (-60 - -25)?
-23
-21 + 32 + (17 - (-18 + 46))
0
What is (-44 - -48) + 2 + 0 + (-11 - -25) + 4?
24
Evaluate -86 + 168 + -54 - -70.
98
Evaluate (-69 + 81 - ((4 - 3) + 2)) + -1 + 3.
11
56 - (6 - 32) - 43
39
(61 - (-4 + -9 - (-75 - -46))) + 14
59
What is (-14 - ((20 - (-2 - -16)) + -32)) + -16?
-4
Calculate (-389 - -395) + (0 - 2).
4
Evaluate (22 + -5 + -3 - 26) + 6 + (1 - -7).
2
Evaluate 21 + 0 - (-464 - -451).
34
Evaluate 7384 + -7431 - (1 - -31).
-79
-10644 - -10701 - (-1 + 91)
-33
What is 1 - -11 - (-99 - (142 - 192))?
61
Evaluate 3 + -44 - (607 - 623).
-25
-30 - (4 + -6) - (5071 - 5148)
49
What is -113 + 4 + 2 + 9 + 12 + -10?
-96
Evaluate 995 - 1011 - (1 - (13 - 0)) - (-10 - 0).
6
What is the value of (81 - -1) + (-13609 - -13611)?
84
Calculate 9 + -16 + -20 - (-9 - -50).
-68
(6 - 0) + -129 + 122 + (-7 - (-4 - 1))
-3
What is the value of 72 + (7 - -10) + (-25 - -3) + 23?
90
-12 + (20 + 6 - (19 + -42))
37
What is the value of 35 + -79 + (60 - 18)?
-2
What is 20 - (4 - 20 - -3)?
33
What is 32 + (-4 - -2) + (-1440 - -1442)?
32
-1 + 1 - (-8 + (9 - (-7 + (2 - -25))))
19
Evaluate -8 - -1 - (-67 - (-14 - 11)).
35
Evaluate -90 + (0 - 18 - (2522 + -2583)).
-47
What is 83 + 12 + -7 + 2 + 7 + (-379 - -379)?
97
Evaluate 16 + 8 + 61 + -107.
-22
What is 1 + -2 + -7 + -2?
-10
What is the value of 94 - (-6 + (-5 - -17)) - (-19 + 24 + 3)?
80
What is 41 + (-32 - -3) - (-57 - -143)?
-74
Calculate 58 - (-1 + -1 - -10 - (18 + -28 + 12)).
52
What is the value of -3 + -3 + 23 + (-40 - -37) + 0 - -74?
88
Evaluate -7 - (-6 + 2) - (5304 - 5269).
-38
What is 19 - (-80 + (2 - (1 + 2) - 18))?
118
Calculate (24 - 7) + -18 + 29.
28
What is -8 - (39 - (-5 + 3) - (-40 + 18))?
-71
(-7 - -5 - ((1 - -9) + -14 + 4)) + -23
-25
-35 + -21 + (-27 - -55)
-28
What is the value of -1 + (-2 - -13) + (21 - ((-9 - -73) + -6))?
-27
Evaluate -4 + 5 + 50 + (-11 - -8).
48
What is (10 - ((-13 - 0) + -33)) + -3 + 2 + 4?
59
What is the value of 75 + -16 - (-6 + (3 - (7 + (8 - 9))))?
68
What is 358 + -385 + (46 - 3) + (-32 - -3)?
-13
Calculate (152 - 138) + (-4 - (-2 + 2 - 5)).
15
Calculate 7 + -6 + 3 + -8 - (58 - -3 - -25).
-90
Calculate (-3 - -16) + -31 + (18 - -1).
1
Calculate (21638 - 21744) + 118 + -1.
11
What is 6 - (-8 + -2 - (-736 + 701))?
-19
What is the value of -20 + 56 + -28 + 12 + -50?
-30
Calculate -19 + -1 - (-18 + 140 + -109).
-33
Calculate -47 + 0 - ((-44 - -35) + 10 + 16).
-64
Evaluate -6 + -2 - ((-1 + -7 - (-25 - -61)) + -3).
39
61 - ((-12 - -52) + -18)
39
Evaluate 